{"id":398,"date":"2020-09-18T04:33:12","date_gmt":"2020-09-18T04:33:12","guid":{"rendered":"http:\/\/www.flowfish.de\/?page_id=398"},"modified":"2020-09-20T10:27:44","modified_gmt":"2020-09-20T10:27:44","slug":"booking-2","status":"publish","type":"page","link":"http:\/\/www.flowfish.de\/?page_id=398&lang=de","title":{"rendered":"Booking &#8211; Deutsch"},"content":{"rendered":"\t\t<div data-elementor-type=\"wp-page\" data-elementor-id=\"398\" class=\"elementor elementor-398\">\n\t\t\t\t\t\t<section class=\"elementor-section elementor-top-section elementor-element elementor-element-b53a7d5 elementor-section-boxed elementor-section-height-default elementor-section-height-default\" data-id=\"b53a7d5\" data-element_type=\"section\">\n\t\t\t\t\t\t<div class=\"elementor-container elementor-column-gap-default\">\n\t\t\t\t\t<div class=\"elementor-column elementor-col-100 elementor-top-column elementor-element elementor-element-b399333\" data-id=\"b399333\" data-element_type=\"column\">\n\t\t\t<div class=\"elementor-widget-wrap elementor-element-populated\">\n\t\t\t\t\t\t<div class=\"elementor-element elementor-element-3e51067 elementor-widget elementor-widget-heading\" data-id=\"3e51067\" data-element_type=\"widget\" data-widget_type=\"heading.default\">\n\t\t\t\t<div class=\"elementor-widget-container\">\n\t\t\t\t\t<h2 class=\"elementor-heading-title elementor-size-default\">Booking<\/h2>\t\t\t\t<\/div>\n\t\t\t\t<\/div>\n\t\t\t\t<div class=\"elementor-element elementor-element-3c8d263 elementor-widget elementor-widget-text-editor\" data-id=\"3c8d263\" data-element_type=\"widget\" data-widget_type=\"text-editor.default\">\n\t\t\t\t<div class=\"elementor-widget-container\">\n\t\t\t\t\t\t\t\t\t<p>Viele K\u00fcnstler, die wir auf unserem Label ver\u00f6ffentlichen, und viele andere k\u00f6nnt ihr direkt bei uns f\u00fcr Konzerte buchen.<br>Wir haben unsere Booking-Agenturarbeit vor einigen Jahren mit der gro\u00dfartigen Bookingagentur K\u00f6terhai.Booking zusammengelegt und seit dem k\u00f6nnt ihr alle unsere K\u00fcnstler von unserem gemeinsamen k\u00f6terhai&amp;flowfish.booking &#8211; Roster buchen. Die findet ihr auf unserer externen Bookingwebsite:<br><\/p>\t\t\t\t\t\t\t\t<\/div>\n\t\t\t\t<\/div>\n\t\t\t\t<div class=\"elementor-element elementor-element-e0ade06 elementor-icon-list--layout-traditional elementor-list-item-link-full_width elementor-widget elementor-widget-icon-list\" data-id=\"e0ade06\" data-element_type=\"widget\" data-widget_type=\"icon-list.default\">\n\t\t\t\t<div class=\"elementor-widget-container\">\n\t\t\t\t\t\t\t<ul class=\"elementor-icon-list-items\">\n\t\t\t\t\t\t\t<li class=\"elementor-icon-list-item\">\n\t\t\t\t\t\t\t\t\t\t\t<a href=\"http:\/\/koeterhai.de\/en\/artists\/\" target=\"_blank\">\n\n\t\t\t\t\t\t\t\t\t\t\t\t<span class=\"elementor-icon-list-icon\">\n\t\t\t\t\t\t\t<i aria-hidden=\"true\" class=\"fas fa-long-arrow-alt-right\"><\/i>\t\t\t\t\t\t<\/span>\n\t\t\t\t\t\t\t\t\t\t<span class=\"elementor-icon-list-text\">k\u00f6terhai&amp;flowfish.booking <\/span>\n\t\t\t\t\t\t\t\t\t\t\t<\/a>\n\t\t\t\t\t\t\t\t\t<\/li>\n\t\t\t\t\t\t<\/ul>\n\t\t\t\t\t\t<\/div>\n\t\t\t\t<\/div>\n\t\t\t\t\t<\/div>\n\t\t<\/div>\n\t\t\t\t\t<\/div>\n\t\t<\/section>\n\t\t\t\t<\/div>\n\t\t","protected":false},"excerpt":{"rendered":"<p>Booking Viele K\u00fcnstler, die wir auf unserem Label ver\u00f6ffentlichen, und viele andere k\u00f6nnt ihr direkt bei uns f\u00fcr Konzerte buchen.Wir haben unsere Booking-Agenturarbeit vor einigen Jahren mit der gro\u00dfartigen Bookingagentur K\u00f6terhai.Booking zusammengelegt und seit dem k\u00f6nnt ihr alle unsere K\u00fcnstler von unserem gemeinsamen k\u00f6terhai&amp;flowfish.booking &#8211; Roster buchen. Die findet ihr auf unserer externen Bookingwebsite: k\u00f6terhai&#038;flowfish.booking<\/p>\n","protected":false},"author":1,"featured_media":0,"parent":0,"menu_order":0,"comment_status":"closed","ping_status":"closed","template":"elementor_header_footer","meta":{"footnotes":""},"class_list":["post-398","page","type-page","status-publish","czr-hentry"],"_links":{"self":[{"href":"http:\/\/www.flowfish.de\/index.php?rest_route=\/wp\/v2\/pages\/398","targetHints":{"allow":["GET"]}}],"collection":[{"href":"http:\/\/www.flowfish.de\/index.php?rest_route=\/wp\/v2\/pages"}],"about":[{"href":"http:\/\/www.flowfish.de\/index.php?rest_route=\/wp\/v2\/types\/page"}],"author":[{"embeddable":true,"href":"http:\/\/www.flowfish.de\/index.php?rest_route=\/wp\/v2\/users\/1"}],"replies":[{"embeddable":true,"href":"http:\/\/www.flowfish.de\/index.php?rest_route=%2Fwp%2Fv2%2Fcomments&post=398"}],"version-history":[{"count":3,"href":"http:\/\/www.flowfish.de\/index.php?rest_route=\/wp\/v2\/pages\/398\/revisions"}],"predecessor-version":[{"id":450,"href":"http:\/\/www.flowfish.de\/index.php?rest_route=\/wp\/v2\/pages\/398\/revisions\/450"}],"wp:attachment":[{"href":"http:\/\/www.flowfish.de\/index.php?rest_route=%2Fwp%2Fv2%2Fmedia&parent=398"}],"curies":[{"name":"wp","href":"https:\/\/api.w.org\/{rel}","templated":true}]}}